{"id":14372,"date":"2026-02-25T10:10:37","date_gmt":"2026-02-25T09:10:37","guid":{"rendered":"https:\/\/ifmec.com\/?post_type=product&#038;p=14372"},"modified":"2026-03-23T13:20:33","modified_gmt":"2026-03-23T12:20:33","slug":"xxvii-reunion-anual-de-la-sociedad-castellano-manchega-de-otorrinolaringologia-29-y-30-de-mayo-2026","status":"publish","type":"product","link":"https:\/\/ifmec.com\/en\/producto\/xxvii-reunion-anual-de-la-sociedad-castellano-manchega-de-otorrinolaringologia-29-y-30-de-mayo-2026\/","title":{"rendered":"XXVII Reuni\u00f3n Anual de la Sociedad Castellano-Manchega de Otorrinolaringolog\u00eda. 29 y 30 de Mayo 2026"},"content":{"rendered":"<p><a class=\"btn btn-info\"<a href=\"https:\/\/ifmec.com\/wp-content\/uploads\/2026\/02\/Congreso-CLM-Albacete-2.pdf\">PROGRAMA<\/a><\/p>\n<p>&nbsp;<\/p>\n<p data-path-to-node=\"3\"><b data-path-to-node=\"3\" data-index-in-node=\"0\">Estimados compa\u00f1eros y colegas:<\/b><\/p>\n<p data-path-to-node=\"4\">Es un verdadero honor invitaros a participar en la <b data-path-to-node=\"4\" data-index-in-node=\"51\">XXVII Reuni\u00f3n Anual de la Sociedad Castellano-Manchega de Otorrinolaringolog\u00eda<\/b>, que este a\u00f1o tendr\u00e1 lugar los d\u00edas <b data-path-to-node=\"4\" data-index-in-node=\"166\">29 y 30 de mayo de 2026<\/b>.<\/p>\n<p data-path-to-node=\"5\">En esta edici\u00f3n, nos trasladamos a la ciudad de <b data-path-to-node=\"5\" data-index-in-node=\"48\">Albacete<\/b>, un enclave acogedor que nos abre sus puertas para celebrar nuestras sesiones en un marco incomparable: el emblem\u00e1tico edificio de la <b data-path-to-node=\"5\" data-index-in-node=\"191\">F\u00e1brica de Harinas<\/b>. Este espacio, cargado de historia y elegancia, ser\u00e1 el escenario perfecto para fomentar el intercambio cient\u00edfico y humano que caracteriza a nuestra sociedad.<\/p>\n<p data-path-to-node=\"6\">Nuestro objetivo para estos dos d\u00edas es consolidar un foro de excelencia donde poner en com\u00fan la realidad de nuestra profesi\u00f3n. El programa est\u00e1 dise\u00f1ado para dar voz a nuestras investigaciones, compartir los \u00faltimos avances y debatir sobre los descubrimientos que est\u00e1n transformando la <b data-path-to-node=\"6\" data-index-in-node=\"288\">Otorrinolaringolog\u00eda en Castilla-La Mancha<\/b>.<\/p>\n<p data-path-to-node=\"7\">M\u00e1s all\u00e1 del rigor acad\u00e9mico, esta reuni\u00f3n es la oportunidad id\u00f3nea para estrechar lazos entre profesionales de toda la regi\u00f3n en un entorno amable y distendido. Queremos que cada comunicaci\u00f3n y cada pausa para el caf\u00e9 sirvan para enriquecer nuestro d\u00eda a d\u00eda en la consulta y el quir\u00f3fano.<\/p>\n<p data-path-to-node=\"8\">Os esperamos en Albacete con la ilusi\u00f3n de seguir creciendo juntos y hacer de esta vig\u00e9simo s\u00e9ptima edici\u00f3n un encuentro inolvidable.<\/p>\n<p data-path-to-node=\"9\"><b data-path-to-node=\"9\" data-index-in-node=\"0\">\u00a1Bienvenidos a Albacete y a la XXVII Reuni\u00f3n Anual!<\/b><\/p>\n<h3 class=\"cvGsUA direction-ltr align-center para-style-body\">SEDE<\/h3>\n<p><a href=\"https:\/\/www.google.com\/maps\/place\/Direcci%C3%B3n+Provincial+de+la+Consejer%C3%ADa+de+Hacienda+y+Administraciones+P%C3%BAblicas.+Antigua+F%C3%A1brica+de+Harinas.\/@39.0029842,-1.8597502,18z\/data=!4m6!3m5!1s0xd665fbb22a83cc3:0x856b27eeb8e7aa9d!8m2!3d39.0028174!4d-1.8581467!16s%2Fg%2F1ptw5_r17?entry=ttu\"><span class=\"OYPEnA text-decoration-none text-strikethrough-none\">F\u00e1brica de Harinas de Albacete. <\/span><span class=\"OYPEnA text-decoration-none text-strikethrough-none\">Paseo de la Cuba, 27-02071. Albacete.<\/span><\/a><\/p>\n<h3 class=\"cvGsUA direction-ltr align-center para-style-body\">FECHAS<\/h3>\n<p class=\"cvGsUA direction-ltr align-center para-style-body\">29 y 30 de Mayo 2026<\/p>\n<h4><b>REQUISITOS PARA LA INSCRIPCI\u00d3N:<\/b><\/h4>\n<p>Inscripci\u00f3n GRATUITA para profesionales sanitarios del \u00e1mbito de la Otorrinolaringolog\u00eda y Patolog\u00eda C\u00e9rvico-Facial.<\/p>\n<p>Para no socios y especialistas fuera de Madrid o Espa\u00f1a: 200 \u20ac<\/p>\n","protected":false},"excerpt":{"rendered":"","protected":false},"featured_media":14374,"template":"","meta":[],"product_cat":[335,16,257,17,18],"product_tag":[],"class_list":["post-14372","product","type-product","status-publish","has-post-thumbnail","hentry","product_cat-saos","product_cat-laringologia","product_cat-cabeza-y-cuello","product_cat-otologia","product_cat-rinologia","pa_modalidad-0-e-socios-especialistas-clm","pa_modalidad-200-e-no-socios-especialistas-fuera-de-clm"],"_links":{"self":[{"href":"https:\/\/ifmec.com\/en\/wp-json\/wp\/v2\/product\/14372","targetHints":{"allow":["GET"]}}],"collection":[{"href":"https:\/\/ifmec.com\/en\/wp-json\/wp\/v2\/product"}],"about":[{"href":"https:\/\/ifmec.com\/en\/wp-json\/wp\/v2\/types\/product"}],"wp:featuredmedia":[{"embeddable":true,"href":"https:\/\/ifmec.com\/en\/wp-json\/wp\/v2\/media\/14374"}],"wp:attachment":[{"href":"https:\/\/ifmec.com\/en\/wp-json\/wp\/v2\/media?parent=14372"}],"wp:term":[{"taxonomy":"product_cat","embeddable":true,"href":"https:\/\/ifmec.com\/en\/wp-json\/wp\/v2\/product_cat?post=14372"},{"taxonomy":"product_tag","embeddable":true,"href":"https:\/\/ifmec.com\/en\/wp-json\/wp\/v2\/product_tag?post=14372"}],"curies":[{"name":"wp","href":"https:\/\/api.w.org\/{rel}","templated":true}]}}

XXVII Reunión Anual de la Sociedad Castellano-Manchega de Otorrinolaringología. 29 y 30 de Mayo 2026

<p><a class="btn btn-info"<a href="https://ifmec.com/wp-content/uploads/2026/02/Congreso-CLM-Albacete-2.pdf">PROGRAMA</a></p>
<p>&nbsp;</p>
<p data-path-to-node="3"><b data-path-to-node="3" data-index-in-node="0">Estimados compañeros y colegas:</b></p>
<p data-path-to-node="4">Es un verdadero honor invitaros a participar en la <b data-path-to-node="4" data-index-in-node="51">XXVII Reunión Anual de la Sociedad Castellano-Manchega de Otorrinolaringología</b>, que este año tendrá lugar los días <b data-path-to-node="4" data-index-in-node="166">29 y 30 de mayo de 2026</b>.</p>
<p data-path-to-node="5">En esta edición, nos trasladamos a la ciudad de <b data-path-to-node="5" data-index-in-node="48">Albacete</b>, un enclave acogedor que nos abre sus puertas para celebrar nuestras sesiones en un marco incomparable: el emblemático edificio de la <b data-path-to-node="5" data-index-in-node="191">Fábrica de Harinas</b>. Este espacio, cargado de historia y elegancia, será el escenario perfecto para fomentar el intercambio científico y humano que caracteriza a nuestra sociedad.</p>
<p data-path-to-node="6">Nuestro objetivo para estos dos días es consolidar un foro de excelencia donde poner en común la realidad de nuestra profesión. El programa está diseñado para dar voz a nuestras investigaciones, compartir los últimos avances y debatir sobre los descubrimientos que están transformando la <b data-path-to-node="6" data-index-in-node="288">Otorrinolaringología en Castilla-La Mancha</b>.</p>
<p data-path-to-node="7">Más allá del rigor académico, esta reunión es la oportunidad idónea para estrechar lazos entre profesionales de toda la región en un entorno amable y distendido. Queremos que cada comunicación y cada pausa para el café sirvan para enriquecer nuestro día a día en la consulta y el quirófano.</p>
<p data-path-to-node="8">Os esperamos en Albacete con la ilusión de seguir creciendo juntos y hacer de esta vigésimo séptima edición un encuentro inolvidable.</p>
<p data-path-to-node="9"><b data-path-to-node="9" data-index-in-node="0">¡Bienvenidos a Albacete y a la XXVII Reunión Anual!</b></p>
<h3 class="cvGsUA direction-ltr align-center para-style-body">SEDE</h3>
<p><a href="https://www.google.com/maps/place/Direcci%C3%B3n+Provincial+de+la+Consejer%C3%ADa+de+Hacienda+y+Administraciones+P%C3%BAblicas.+Antigua+F%C3%A1brica+de+Harinas./@39.0029842,-1.8597502,18z/data=!4m6!3m5!1s0xd665fbb22a83cc3:0x856b27eeb8e7aa9d!8m2!3d39.0028174!4d-1.8581467!16s%2Fg%2F1ptw5_r17?entry=ttu"><span class="OYPEnA text-decoration-none text-strikethrough-none">Fábrica de Harinas de Albacete. </span><span class="OYPEnA text-decoration-none text-strikethrough-none">Paseo de la Cuba, 27-02071. Albacete.</span></a></p>
<h3 class="cvGsUA direction-ltr align-center para-style-body">FECHAS</h3>
<p class="cvGsUA direction-ltr align-center para-style-body">29 y 30 de Mayo 2026</p>
<h4><b>REQUISITOS PARA LA INSCRIPCIÓN:</b></h4>
<p>Inscripción GRATUITA para profesionales sanitarios del ámbito de la Otorrinolaringología y Patología Cérvico-Facial.</p>
<p>Para no socios y especialistas fuera de Madrid o España: 200 €</p>
