{"id":13700,"date":"2025-09-17T09:44:59","date_gmt":"2025-09-17T07:44:59","guid":{"rendered":"https:\/\/ifmec.com\/?post_type=product&#038;p=13700"},"modified":"2026-04-13T14:08:36","modified_gmt":"2026-04-13T12:08:36","slug":"curso-basico-de-diseccion-de-hueso-temporal-28-29-mayo-2026","status":"publish","type":"product","link":"https:\/\/ifmec.com\/en\/producto\/curso-basico-de-diseccion-de-hueso-temporal-28-29-mayo-2026\/","title":{"rendered":"Curso B\u00e1sico de disecci\u00f3n de Hueso Temporal. 28-29 Mayo 2026"},"content":{"rendered":"<p><a class=\"btn btn-info\u201d&lt;a href=\" href=\"https:\/\/ifmec.com\/wp-content\/uploads\/2025\/09\/Diptico-1.pdf\">PROGRAMA<\/a><\/p>\n<p>Curso orientado a residentes de primer y segundo a\u00f1o que no han realizado ning\u00fan curso de Disecci\u00f3n de Temporal. En el Curso se les guiar\u00e1 de la forma m\u00e1s individualizada a descubrir la anatom\u00eda del hueso temporal y a trabajar bajo visi\u00f3n microsc\u00f3pica.<\/p>\n<p><strong>FECHAS:<\/strong><\/p>\n<h5>\u00a028-29 Mayo 2026<\/h5>\n<p><strong>PRECIO:<\/strong><\/p>\n<p>TEORICO\/PRACTICO RESIDENTES: 1000 \u20ac<\/p>\n<p><strong>SEDE:<\/strong><\/p>\n<p><a href=\"https:\/\/www.google.com\/maps\/place\/Facultad+de+Medicina+UAM\/@40.4814393,-3.6930016,17z\/data=!3m1!4b1!4m5!3m4!1s0xd41858cad469ca5:0x9d8ec7a9c808c531!8m2!3d40.4814393!4d-3.6908076\">Departamento de Anatom\u00eda. Facultad de Medicina. Universidad Aut\u00f3noma de Madrid<\/a> .Calle Arturo Duperier s\/n, 28029 Madrid<\/p>\n<p><strong>PAGO:<\/strong> Rellenar los datos que aparecen en el bolet\u00edn de inscripci\u00f3n<a href=\"https:\/\/ifmec.com\/wp-content\/uploads\/2023\/08\/Boleti\u0301n-Curso-BA\u0301SICO-19-20-de-junio-de-2025.doc\">\u00a0<\/a><strong><a href=\"https:\/\/ifmec.com\/wp-content\/uploads\/2025\/09\/Boletin-Curso-BASICO-19-20-de-junio-de-2025.doc\">pinchando este enlace<\/a>\u00a0<\/strong> y realizar transferencia bancaria a nuestra cuenta enviando el resguardo de la transferencia y el bolet\u00edn por email a <strong>cursosoidomedio@gmail.com<\/strong>, con sus datos personales incluidos y la referencia del curso seleccionado.<\/p>\n<ul>\n<li>Banco Sabadell FUNDACION DR. ARISTEGUI<br \/>\nIBAN ES46 0081 7307 0500 0111 4422 (indicando nombre y apellidos)<\/li>\n<\/ul>\n<p>&nbsp;<\/p>\n<p class=\"p1\"><span style=\"color: #0000ff;\">POL\u00cdTICA DE CANCELACI\u00d3N DE RESERV<\/span>A<\/p>\n<p class=\"p1\">En el caso de cancelaci\u00f3n de una reserva, las tasas de devoluci\u00f3n son las siguientes:<\/p>\n<p class=\"p1\">&#8211; Cancelaciones 30 d\u00edas naturales previos al curso se reembolsar\u00e1 el 100% de importe de inscripci\u00f3n, excepto los gastos de gesti\u00f3n que pudiera ocasionar.<\/p>\n<p class=\"p1\">&#8211; Cancelaciones entre 30 y 10 d\u00edas naturales previos al curso se reembolsar\u00e1 el 50% del importe de inscripci\u00f3n, excepto los gastos de gesti\u00f3n que pudiera ocasionar.<\/p>\n<p class=\"p1\">&#8211; Cancelaciones con menos de 10 d\u00edas naturales de anticipaci\u00f3n no dar\u00e1 derecho a devoluci\u00f3n alguna.<\/p>\n","protected":false},"excerpt":{"rendered":"<p>PROGRAMA Curso orientado a residentes de primer y segundo a\u00f1o que no han realizado ning\u00fan [&hellip;]<\/p>\n","protected":false},"featured_media":13702,"template":"","meta":[],"product_cat":[368],"product_tag":[],"class_list":["post-13700","product","type-product","status-publish","has-post-thumbnail","hentry","product_cat-cursos-dr-aristegui","pa_modalidad-1-000-e"],"_links":{"self":[{"href":"https:\/\/ifmec.com\/en\/wp-json\/wp\/v2\/product\/13700","targetHints":{"allow":["GET"]}}],"collection":[{"href":"https:\/\/ifmec.com\/en\/wp-json\/wp\/v2\/product"}],"about":[{"href":"https:\/\/ifmec.com\/en\/wp-json\/wp\/v2\/types\/product"}],"wp:featuredmedia":[{"embeddable":true,"href":"https:\/\/ifmec.com\/en\/wp-json\/wp\/v2\/media\/13702"}],"wp:attachment":[{"href":"https:\/\/ifmec.com\/en\/wp-json\/wp\/v2\/media?parent=13700"}],"wp:term":[{"taxonomy":"product_cat","embeddable":true,"href":"https:\/\/ifmec.com\/en\/wp-json\/wp\/v2\/product_cat?post=13700"},{"taxonomy":"product_tag","embeddable":true,"href":"https:\/\/ifmec.com\/en\/wp-json\/wp\/v2\/product_tag?post=13700"}],"curies":[{"name":"wp","href":"https:\/\/api.w.org\/{rel}","templated":true}]}}

Curso Básico de disección de Hueso Temporal. 28-29 Mayo 2026

<p><a class="btn btn-info”&lt;a href=" href="https://ifmec.com/wp-content/uploads/2025/09/Diptico-1.pdf">PROGRAMA</a></p>
<p>Curso orientado a residentes de primer y segundo año que no han realizado ningún curso de Disección de Temporal. En el Curso se les guiará de la forma más individualizada a descubrir la anatomía del hueso temporal y a trabajar bajo visión microscópica.</p>
<p><strong>FECHAS:</strong></p>
<h5> 28-29 Mayo 2026</h5>
<p><strong>PRECIO:</strong></p>
<p>TEORICO/PRACTICO RESIDENTES: 1000 €</p>
<p><strong>SEDE:</strong></p>
<p><a href="https://www.google.com/maps/place/Facultad+de+Medicina+UAM/@40.4814393,-3.6930016,17z/data=!3m1!4b1!4m5!3m4!1s0xd41858cad469ca5:0x9d8ec7a9c808c531!8m2!3d40.4814393!4d-3.6908076">Departamento de Anatomía. Facultad de Medicina. Universidad Autónoma de Madrid</a> .Calle Arturo Duperier s/n, 28029 Madrid</p>
<p><strong>PAGO:</strong> Rellenar los datos que aparecen en el boletín de inscripción<a href="https://ifmec.com/wp-content/uploads/2023/08/Boletín-Curso-BÁSICO-19-20-de-junio-de-2025.doc"> </a><strong><a href="https://ifmec.com/wp-content/uploads/2025/09/Boletin-Curso-BASICO-19-20-de-junio-de-2025.doc">pinchando este enlace</a> </strong> y realizar transferencia bancaria a nuestra cuenta enviando el resguardo de la transferencia y el boletín por email a <strong>cursosoidomedio@gmail.com</strong>, con sus datos personales incluidos y la referencia del curso seleccionado.</p>
<ul>
<li>Banco Sabadell FUNDACION DR. ARISTEGUI<br />
IBAN ES46 0081 7307 0500 0111 4422 (indicando nombre y apellidos)</li>
</ul>
<p>&nbsp;</p>
<p class="p1"><span style="color: #0000ff;">POLÍTICA DE CANCELACIÓN DE RESERV</span>A</p>
<p class="p1">En el caso de cancelación de una reserva, las tasas de devolución son las siguientes:</p>
<p class="p1">&#8211; Cancelaciones 30 días naturales previos al curso se reembolsará el 100% de importe de inscripción, excepto los gastos de gestión que pudiera ocasionar.</p>
<p class="p1">&#8211; Cancelaciones entre 30 y 10 días naturales previos al curso se reembolsará el 50% del importe de inscripción, excepto los gastos de gestión que pudiera ocasionar.</p>
<p class="p1">&#8211; Cancelaciones con menos de 10 días naturales de anticipación no dará derecho a devolución alguna.</p>

<p>PROGRAMA Curso orientado a residentes de primer y segundo año que no han realizado ningún [&hellip;]</p>
